{"id":3082,"date":"2024-09-30T19:14:37","date_gmt":"2024-09-30T18:14:37","guid":{"rendered":"https:\/\/blog.kulturgaraget.se\/?page_id=3082"},"modified":"2024-10-08T17:54:13","modified_gmt":"2024-10-08T16:54:13","slug":"troja","status":"publish","type":"page","link":"http:\/\/blog.kulturgaraget.se\/?page_id=3082","title":{"rendered":"Merch"},"content":{"rendered":"\n<p>Nu har \u00e4ven du chansen att bli snyggast p\u00e5 jobbet\/festen\/konserten eller hemma p\u00e5 kammaren genom att best\u00e4lla v\u00e5r supersnygga Garagettr\u00f6ja som Pernilla Nyman designat. Klicka p\u00e5 bilden nedan f\u00f6r att best\u00e4lla:<\/p>\n\n\n\n<figure class=\"wp-block-embed is-type-wp-embed is-provider-avesta-text-amp-dekor wp-block-embed-avesta-text-amp-dekor\"><div class=\"wp-block-embed__wrapper\">\n<blockquote class=\"wp-embedded-content\" data-secret=\"N5oSJ3ZR4c\"><a href=\"https:\/\/shop.atd.nu\/produkt\/kulturgaraget-svart-t-shirt\/\">Kulturgaraget &#8211; Svart T-shirt<\/a><\/blockquote><iframe class=\"wp-embedded-content\" sandbox=\"allow-scripts\" security=\"restricted\" style=\"position: absolute; clip: rect(1px, 1px, 1px, 1px);\" title=\"&#8221;Kulturgaraget &#8211; Svart T-shirt&#8221; &#8212; Avesta Text &amp; Dekor\" src=\"https:\/\/shop.atd.nu\/produkt\/kulturgaraget-svart-t-shirt\/embed\/#?secret=X7sJaxuH5x#?secret=N5oSJ3ZR4c\" data-secret=\"N5oSJ3ZR4c\" width=\"600\" height=\"338\" frameborder=\"0\" marginwidth=\"0\" marginheight=\"0\" scrolling=\"no\"><\/iframe>\n<\/div><\/figure>\n\n\n\n<p><\/p>\n\n\n\n<p>Du best\u00e4ller den enkelt via Avesta Text &amp; Dekor och h\u00e4mtar ut den d\u00e4r eller f\u00e5r den skickad hem.<br>Finns i storlek XS &#8211; 4XL.<\/p>\n\n\n\n<p>Avh\u00e4mtning i butik sker hos AB Avesta Text &amp; Dekor, Skogsbov\u00e4gen 12, 77460 Avesta. Det finns ingen f\u00f6rs\u00e4ljning av dessa plagg i butik, du kan endast h\u00e4mta ut din best\u00e4llning.<\/p>\n","protected":false},"excerpt":{"rendered":"<p>Nu har \u00e4ven du chansen att bli snyggast p\u00e5 jobbet\/festen\/konserten eller hemma p\u00e5 kammaren genom att best\u00e4lla v\u00e5r supersnygga Garagettr\u00f6ja som Pernilla Nyman designat. Klicka p\u00e5 bilden nedan f\u00f6r att best\u00e4lla: Du best\u00e4ller den enkelt via Avesta Text &amp; Dekor &hellip; <a href=\"http:\/\/blog.kulturgaraget.se\/?page_id=3082\">L\u00e4s mer <span class=\"meta-nav\">&rarr;<\/span><\/a><\/p>\n","protected":false},"author":3,"featured_media":0,"parent":0,"menu_order":0,"comment_status":"closed","ping_status":"closed","template":"","meta":[],"_links":{"self":[{"href":"http:\/\/blog.kulturgaraget.se\/index.php?rest_route=\/wp\/v2\/pages\/3082"}],"collection":[{"href":"http:\/\/blog.kulturgaraget.se\/index.php?rest_route=\/wp\/v2\/pages"}],"about":[{"href":"http:\/\/blog.kulturgaraget.se\/index.php?rest_route=\/wp\/v2\/types\/page"}],"author":[{"embeddable":true,"href":"http:\/\/blog.kulturgaraget.se\/index.php?rest_route=\/wp\/v2\/users\/3"}],"replies":[{"embeddable":true,"href":"http:\/\/blog.kulturgaraget.se\/index.php?rest_route=%2Fwp%2Fv2%2Fcomments&post=3082"}],"version-history":[{"count":9,"href":"http:\/\/blog.kulturgaraget.se\/index.php?rest_route=\/wp\/v2\/pages\/3082\/revisions"}],"predecessor-version":[{"id":3094,"href":"http:\/\/blog.kulturgaraget.se\/index.php?rest_route=\/wp\/v2\/pages\/3082\/revisions\/3094"}],"wp:attachment":[{"href":"http:\/\/blog.kulturgaraget.se\/index.php?rest_route=%2Fwp%2Fv2%2Fmedia&parent=3082"}],"curies":[{"name":"wp","href":"https:\/\/api.w.org\/{rel}","templated":true}]}}

<p>Nu har även du chansen att bli snyggast på jobbet/festen/konserten eller hemma på kammaren genom att beställa vår supersnygga Garagettröja som Pernilla Nyman designat. Klicka på bilden nedan för att beställa:</p>



<figure class="wp-block-embed is-type-wp-embed is-provider-avesta-text-amp-dekor wp-block-embed-avesta-text-amp-dekor"><div class="wp-block-embed__wrapper">
<blockquote class="wp-embedded-content" data-secret="N5oSJ3ZR4c"><a href="https://shop.atd.nu/produkt/kulturgaraget-svart-t-shirt/">Kulturgaraget &#8211; Svart T-shirt</a></blockquote><iframe class="wp-embedded-content" sandbox="allow-scripts" security="restricted" style="position: absolute; clip: rect(1px, 1px, 1px, 1px);" title="&#8221;Kulturgaraget &#8211; Svart T-shirt&#8221; &#8212; Avesta Text &amp; Dekor" src="https://shop.atd.nu/produkt/kulturgaraget-svart-t-shirt/embed/#?secret=X7sJaxuH5x#?secret=N5oSJ3ZR4c" data-secret="N5oSJ3ZR4c" width="600" height="338" frameborder="0" marginwidth="0" marginheight="0" scrolling="no"></iframe>
</div></figure>



<p></p>



<p>Du beställer den enkelt via Avesta Text &amp; Dekor och hämtar ut den där eller får den skickad hem.<br>Finns i storlek XS &#8211; 4XL.</p>



<p>Avhämtning i butik sker hos AB Avesta Text &amp; Dekor, Skogsbovägen 12, 77460 Avesta. Det finns ingen försäljning av dessa plagg i butik, du kan endast hämta ut din beställning.</p>

<p>Nu har även du chansen att bli snyggast på jobbet/festen/konserten eller hemma på kammaren genom att beställa vår supersnygga Garagettröja som Pernilla Nyman designat. Klicka på bilden nedan för att beställa: Du beställer den enkelt via Avesta Text &amp; Dekor &hellip; <a href="http://blog.kulturgaraget.se/?page_id=3082">Läs mer <span class="meta-nav">&rarr;</span></a></p>
