{"id":855,"date":"2011-01-22T23:15:33","date_gmt":"2011-01-22T23:15:33","guid":{"rendered":"http:\/\/localhost\/wordpress\/"},"modified":"2011-01-24T21:49:36","modified_gmt":"2011-01-24T21:49:36","slug":"home-3","status":"publish","type":"page","link":"http:\/\/blog.kulturgaraget.se\/?page_id=855","title":{"rendered":"Om Kulturgaraget"},"content":{"rendered":"<h3>Musikscenen i Avesta, Dalarna<\/h3>\n<p><img decoding=\"async\" loading=\"lazy\" class=\"alignright size-full wp-image-958\" title=\"janet\" src=\"http:\/\/media1.blog.kulturgaraget.se\/2011\/01\/janet1.jpg\" alt=\"\" width=\"344\" height=\"253\" srcset=\"http:\/\/media1.blog.kulturgaraget.se\/2011\/01\/janet1.jpg 344w, http:\/\/media1.blog.kulturgaraget.se\/2011\/01\/janet1-300x220.jpg 300w\" sizes=\"(max-width: 344px) 100vw, 344px\" \/>En annorlunda laidback m\u00f6tesplats f\u00f6r musik och alternativa kulturyttringar. En kultur- och musikf\u00f6rening d\u00e4r vi m\u00f6ts. Med en levande scen, d\u00e4r musik och kultur av olika slag kan m\u00f6tas.<\/p>\n<p>Garaget \u00e4r f\u00f6reningen och platsen f\u00f6r dig som tycker att musik, kultur, mat och dryck \u00e4r en omistlig del av det goda i livet. Det \u00e4r medlemmarna som g\u00f6r Garaget!<\/p>\n","protected":false},"excerpt":{"rendered":"<p>Musikscenen i Avesta, Dalarna En annorlunda laidback m\u00f6tesplats f\u00f6r musik och alternativa kulturyttringar. En kultur- och musikf\u00f6rening d\u00e4r vi m\u00f6ts. Med en levande scen, d\u00e4r musik och kultur av olika slag kan m\u00f6tas. Garaget \u00e4r f\u00f6reningen och platsen f\u00f6r dig &hellip; <a href=\"http:\/\/blog.kulturgaraget.se\/?page_id=855\">L\u00e4s mer <span class=\"meta-nav\">&rarr;<\/span><\/a><\/p>\n","protected":false},"author":2,"featured_media":0,"parent":0,"menu_order":3,"comment_status":"closed","ping_status":"closed","template":"onecolumn-page.php","meta":[],"_links":{"self":[{"href":"http:\/\/blog.kulturgaraget.se\/index.php?rest_route=\/wp\/v2\/pages\/855"}],"collection":[{"href":"http:\/\/blog.kulturgaraget.se\/index.php?rest_route=\/wp\/v2\/pages"}],"about":[{"href":"http:\/\/blog.kulturgaraget.se\/index.php?rest_route=\/wp\/v2\/types\/page"}],"author":[{"embeddable":true,"href":"http:\/\/blog.kulturgaraget.se\/index.php?rest_route=\/wp\/v2\/users\/2"}],"replies":[{"embeddable":true,"href":"http:\/\/blog.kulturgaraget.se\/index.php?rest_route=%2Fwp%2Fv2%2Fcomments&post=855"}],"version-history":[{"count":2,"href":"http:\/\/blog.kulturgaraget.se\/index.php?rest_route=\/wp\/v2\/pages\/855\/revisions"}],"predecessor-version":[{"id":963,"href":"http:\/\/blog.kulturgaraget.se\/index.php?rest_route=\/wp\/v2\/pages\/855\/revisions\/963"}],"wp:attachment":[{"href":"http:\/\/blog.kulturgaraget.se\/index.php?rest_route=%2Fwp%2Fv2%2Fmedia&parent=855"}],"curies":[{"name":"wp","href":"https:\/\/api.w.org\/{rel}","templated":true}]}}

<h3>Musikscenen i Avesta, Dalarna</h3>
<p><img decoding="async" loading="lazy" class="alignright size-full wp-image-958" title="janet" src="http://media1.blog.kulturgaraget.se/2011/01/janet1.jpg" alt="" width="344" height="253" srcset="http://media1.blog.kulturgaraget.se/2011/01/janet1.jpg 344w, http://media1.blog.kulturgaraget.se/2011/01/janet1-300x220.jpg 300w" sizes="(max-width: 344px) 100vw, 344px" />En annorlunda laidback mötesplats för musik och alternativa kulturyttringar. En kultur- och musikförening där vi möts. Med en levande scen, där musik och kultur av olika slag kan mötas.</p>
<p>Garaget är föreningen och platsen för dig som tycker att musik, kultur, mat och dryck är en omistlig del av det goda i livet. Det är medlemmarna som gör Garaget!</p>

<p>Musikscenen i Avesta, Dalarna En annorlunda laidback mötesplats för musik och alternativa kulturyttringar. En kultur- och musikförening där vi möts. Med en levande scen, där musik och kultur av olika slag kan mötas. Garaget är föreningen och platsen för dig &hellip; <a href="http://blog.kulturgaraget.se/?page_id=855">Läs mer <span class="meta-nav">&rarr;</span></a></p>
