{"id":944,"date":"2011-01-24T17:42:36","date_gmt":"2011-01-24T16:42:36","guid":{"rendered":"http:\/\/blog.kulturgaraget.se\/?page_id=944"},"modified":"2026-04-22T19:05:05","modified_gmt":"2026-04-22T18:05:05","slug":"electric-boys","status":"publish","type":"page","link":"https:\/\/blog.kulturgaraget.se\/","title":{"rendered":"9 MAJ &#8211; ONE NIGHT ONLY (MEMBERS FROM GUNS N ROSES, SLASH, ELECTRIC BOYS A.O.)"},"content":{"rendered":"\n<p><strong>Frank Ferrer<\/strong> var trummis i <strong>Guns N\u2019 Roses<\/strong> i n\u00e4rmare 20 \u00e5r, och basisten <strong>Johnny Griparic<\/strong> har spelat med <strong>Slash<\/strong> i m\u00e5nga olika sammanhang. Nu har de tillsammans med skandinavisk rockelit; <strong>Matti Alfonzetti (Skintrade)<\/strong> p\u00e5 s\u00e5ng, <strong>Conny Bloom (Electric Boys, ex Hanoi Rocks)<\/strong> p\u00e5 gitarr samt <strong>Bob Fridzema (Glenn Hughes\/Devon Allman)<\/strong> p\u00e5 keyboards, satt ihop ett band f\u00f6r att spela sina favoriter fr\u00e5n 70-talet men \u00e4ven publikv\u00e4nliga l\u00e5tar med artister som de \u00e4r kopplade till. <\/p>\n\n\n\n<figure class=\"wp-block-embed is-type-video is-provider-youtube wp-block-embed-youtube wp-embed-aspect-4-3 wp-has-aspect-ratio\"><div class=\"wp-block-embed__wrapper\">\n<iframe loading=\"lazy\" title=\"Guns N&#039; Roses - Mr. Brownstone  [Apollo Theater, Harlem, New York 20th July 2017]\" width=\"640\" height=\"360\" src=\"https:\/\/www.youtube.com\/embed\/2k7wr1bQCrA?feature=oembed\" frameborder=\"0\" allow=\"accelerometer; autoplay; clipboard-write; encrypted-media; gyroscope; picture-in-picture; web-share\" referrerpolicy=\"strict-origin-when-cross-origin\" allowfullscreen><\/iframe>\n<\/div><\/figure>\n\n\n\n<p><strong>K\u00f6p biljett: 350 kr<\/strong>  <a rel=\"noreferrer noopener\" href=\"https:\/\/billetto.se\/users\/kulturgaraget-avesta\" target=\"_blank\">Biletto.se <\/a> <\/p>\n\n\n<p>&#8212;&#8212;&#8212;&#8212;&#8212;&#8212;&#8212;&#8212;&#8212;&#8212;&#8212;&#8212;&#8212;&#8212;&#8212;&#8212;&#8212;&#8212;&#8212;&#8212;&#8212;&#8212;&#8211;<\/p>\n\n\n<p><strong>13 Juni &#8211; Upploppet + Not Safe For Work<\/strong>\n<\/p>\n\n\n\n<figure class=\"wp-block-embed is-type-video is-provider-youtube wp-block-embed-youtube wp-embed-aspect-4-3 wp-has-aspect-ratio\"><div class=\"wp-block-embed__wrapper\">\n<iframe loading=\"lazy\" title=\"UPPLOPPET - GOLDEN EYES (Official Video)\" width=\"640\" height=\"480\" src=\"https:\/\/www.youtube.com\/embed\/W-BLaHuPGVw?feature=oembed\" frameborder=\"0\" allow=\"accelerometer; autoplay; clipboard-write; encrypted-media; gyroscope; picture-in-picture; web-share\" referrerpolicy=\"strict-origin-when-cross-origin\" allowfullscreen><\/iframe>\n<\/div><\/figure>\n\n\n\n<p class=\"has-small-font-size\"><a href=\"https:\/\/open.spotify.com\/artist\/7y4wEN1hYr1qm9d6gQMyFd?si=SCl4CDNUTpuE6A9qF8Ykrw\" target=\"_blank\" rel=\"noreferrer noopener\"><img decoding=\"async\" loading=\"lazy\" width=\"35\" height=\"35\" src=\"http:\/\/media1.blog.kulturgaraget.se\/2011\/01\/spotify.png\" alt=\"\"><\/a> <a href=\"https:\/\/www.facebook.com\/upploppetband\" target=\"_blank\" rel=\"noreferrer noopener\"><img decoding=\"async\" loading=\"lazy\" width=\"35\" height=\"35\" src=\"http:\/\/media1.blog.kulturgaraget.se\/2011\/01\/facebook.png\">\n<\/a> <a href=\"https:\/\/www.instagram.com\/upploppet\/\" target=\"_blank\" rel=\"noreferrer noopener\"><img decoding=\"async\" loading=\"lazy\" width=\"35\" height=\"35\" src=\"http:\/\/media1.blog.kulturgaraget.se\/2018\/10\/Instagram2_liten.png\">\n<\/a><\/p>\n\n\n\n<p><strong>Upploppet<\/strong> \u00e4r G\u00f6teborgsbandet som v\u00e4rmer upp med ett maraton f\u00f6r att s\u00e4tta tempot innan varje spelning. 2024 sl\u00e4ppte kvintetten sitt debutalbum men de har ett rykte om sig att vara livebandet andra akter inte v\u00e5gar ha som f\u00f6rband. Likt en V8 fulltankad med raketbr\u00e4nsle beh\u00f6ver Upploppet ingen startstr\u00e4cka n\u00e4r rid\u00e5n faller f\u00f6r att leverera explosiva riff och snabb rock\u2019n\u2019roll!\nBandet har sedan start jobbat efter DIY-mentaliteten den svenska undergroundscenen gjorde sig k\u00e4nd f\u00f6r under 80- &amp; 90-talet. Genom att bygga och laga sin utrustning, designa allt fr\u00e5n tryck till omslag och sy ihop sina egna s\u00e5r efter spelningar sl\u00e4pper Upploppet inte ut n\u00e5gon skit till allm\u00e4nheten, bara tv\u00e4tt\u00e4kta rock\u2019n\u2019roll. (Text Rockbladet.se) <\/p>\n\n\n\n<figure class=\"wp-block-embed is-type-video is-provider-youtube wp-block-embed-youtube wp-embed-aspect-4-3 wp-has-aspect-ratio\"><div class=\"wp-block-embed__wrapper\">\n<iframe loading=\"lazy\" title=\"Upploppet  - Ibuprofen   (Official Music Video)\" width=\"640\" height=\"360\" src=\"https:\/\/www.youtube.com\/embed\/WkG_6rXBnyc?feature=oembed\" frameborder=\"0\" allow=\"accelerometer; autoplay; clipboard-write; encrypted-media; gyroscope; picture-in-picture; web-share\" referrerpolicy=\"strict-origin-when-cross-origin\" allowfullscreen><\/iframe>\n<\/div><\/figure>\n\n\n\n<p><strong>K\u00f6p biljett: 295 kr<\/strong>  <a rel=\"noreferrer noopener\" href=\"https:\/\/billetto.se\/users\/kulturgaraget-avesta\" target=\"_blank\">Biletto.se <\/a> <\/p>\n\n\n<p>&#8212;&#8212;&#8212;&#8212;&#8212;&#8212;&#8212;&#8212;&#8212;&#8212;&#8212;&#8212;&#8212;&#8212;&#8212;&#8212;&#8212;&#8212;&#8212;&#8212;&#8212;&#8212;&#8211;<\/p>\n\n\n<p><p>P\u00e5 Spotify-listan nedan kan ni lyssna p\u00e5 alla artister som spelat p\u00e5 Garaget sedan starten 2006.<\/p>\n<p><iframe data-testid=\"embed-iframe\" style=\"border-radius:12px\" src=\"https:\/\/open.spotify.com\/embed\/playlist\/2lkVd63JITaMMhgvQOMS2U?utm_source=generator\" width=\"100%\" height=\"352\" frameBorder=\"0\" allowfullscreen=\"\" allow=\"autoplay; clipboard-write; encrypted-media; fullscreen; picture-in-picture\" loading=\"lazy\"><\/iframe><\/p>\n\n\n<p><\/p>\n<p>&#8211;&gt;<\/p>\n<p><!-- \/wp:paragraph --><\/p>","protected":false},"excerpt":{"rendered":"<p>Frank Ferrer var trummis i Guns N\u2019 Roses i n\u00e4rmare 20 \u00e5r, och basisten Johnny Griparic har spelat med Slash i m\u00e5nga olika sammanhang. Nu har de tillsammans med skandinavisk rockelit; Matti Alfonzetti (Skintrade) p\u00e5 s\u00e5ng, Conny Bloom (Electric Boys, &hellip; <a href=\"https:\/\/blog.kulturgaraget.se\/\">L\u00e4s mer <span class=\"meta-nav\">&rarr;<\/span><\/a><\/p>\n","protected":false},"author":4,"featured_media":0,"parent":0,"menu_order":0,"comment_status":"closed","ping_status":"closed","template":"","meta":[],"_links":{"self":[{"href":"https:\/\/blog.kulturgaraget.se\/index.php?rest_route=\/wp\/v2\/pages\/944"}],"collection":[{"href":"https:\/\/blog.kulturgaraget.se\/index.php?rest_route=\/wp\/v2\/pages"}],"about":[{"href":"https:\/\/blog.kulturgaraget.se\/index.php?rest_route=\/wp\/v2\/types\/page"}],"author":[{"embeddable":true,"href":"https:\/\/blog.kulturgaraget.se\/index.php?rest_route=\/wp\/v2\/users\/4"}],"replies":[{"embeddable":true,"href":"https:\/\/blog.kulturgaraget.se\/index.php?rest_route=%2Fwp%2Fv2%2Fcomments&post=944"}],"version-history":[{"count":845,"href":"https:\/\/blog.kulturgaraget.se\/index.php?rest_route=\/wp\/v2\/pages\/944\/revisions"}],"predecessor-version":[{"id":3255,"href":"https:\/\/blog.kulturgaraget.se\/index.php?rest_route=\/wp\/v2\/pages\/944\/revisions\/3255"}],"wp:attachment":[{"href":"https:\/\/blog.kulturgaraget.se\/index.php?rest_route=%2Fwp%2Fv2%2Fmedia&parent=944"}],"curies":[{"name":"wp","href":"https:\/\/api.w.org\/{rel}","templated":true}]}}